{"id":207,"date":"2023-11-16T10:32:59","date_gmt":"2023-11-16T09:32:59","guid":{"rendered":"https:\/\/www.vlggvd.de\/?page_id=207"},"modified":"2025-05-15T11:01:11","modified_gmt":"2025-05-15T09:01:11","slug":"karriere","status":"publish","type":"page","link":"https:\/\/vlggvd.de\/?page_id=207","title":{"rendered":"Karriere"},"content":{"rendered":"\n<h2 class=\"wp-block-heading\">Wir bieten aktuell folgende Stellen an:<\/h2>\n\n\n<div class=\"karr\"><div class=\"listing-item\"><a class=\"image\" href=\"https:\/\/vlggvd.de\/?p=6850\"><img loading=\"lazy\" decoding=\"async\" width=\"1024\" height=\"683\" src=\"https:\/\/vlggvd.de\/wp-content\/uploads\/2026\/04\/LKW_Fahrer_m_TR_AdobeStock_287070010-1024x683.jpg\" class=\"attachment-large size-large wp-post-image\" alt=\"\" srcset=\"https:\/\/vlggvd.de\/wp-content\/uploads\/2026\/04\/LKW_Fahrer_m_TR_AdobeStock_287070010-1024x683.jpg 1024w, https:\/\/vlggvd.de\/wp-content\/uploads\/2026\/04\/LKW_Fahrer_m_TR_AdobeStock_287070010-300x200.jpg 300w, https:\/\/vlggvd.de\/wp-content\/uploads\/2026\/04\/LKW_Fahrer_m_TR_AdobeStock_287070010-768x512.jpg 768w, https:\/\/vlggvd.de\/wp-content\/uploads\/2026\/04\/LKW_Fahrer_m_TR_AdobeStock_287070010.jpg 1440w\" sizes=\"auto, (max-width: 1024px) 100vw, 1024px\" \/><\/a>  <span class=\"excerpt\">Berufskraftfahrer (m\/w\/d) Klasse C \u00dcBER UNS&hellip; <a class=\"excerpt-more\" href=\"https:\/\/vlggvd.de\/?p=6850\">...<\/a><\/span><\/div><div class=\"listing-item\"><a class=\"image\" href=\"https:\/\/vlggvd.de\/?p=6759\"><img loading=\"lazy\" decoding=\"async\" width=\"1024\" height=\"512\" src=\"https:\/\/vlggvd.de\/wp-content\/uploads\/2026\/02\/AdobeStock_716605547_combined-1024x512.jpg\" class=\"attachment-large size-large wp-post-image\" alt=\"\" srcset=\"https:\/\/vlggvd.de\/wp-content\/uploads\/2026\/02\/AdobeStock_716605547_combined-1024x512.jpg 1024w, https:\/\/vlggvd.de\/wp-content\/uploads\/2026\/02\/AdobeStock_716605547_combined-300x150.jpg 300w, https:\/\/vlggvd.de\/wp-content\/uploads\/2026\/02\/AdobeStock_716605547_combined-768x384.jpg 768w, https:\/\/vlggvd.de\/wp-content\/uploads\/2026\/02\/AdobeStock_716605547_combined-1536x768.jpg 1536w, https:\/\/vlggvd.de\/wp-content\/uploads\/2026\/02\/AdobeStock_716605547_combined-2048x1024.jpg 2048w\" sizes=\"auto, (max-width: 1024px) 100vw, 1024px\" \/><\/a>  <span class=\"excerpt\">Bezirksleiter (m\/w\/d) Saarbr\u00fccken \/ Saarland +&hellip; <a class=\"excerpt-more\" href=\"https:\/\/vlggvd.de\/?p=6759\">...<\/a><\/span><\/div><div class=\"listing-item\"><a class=\"image\" href=\"https:\/\/vlggvd.de\/?p=6687\"><img loading=\"lazy\" decoding=\"async\" width=\"1024\" height=\"683\" src=\"https:\/\/vlggvd.de\/wp-content\/uploads\/2026\/04\/Metzger_TR_AdobeStock_287070010-1024x683.jpg\" class=\"attachment-large size-large wp-post-image\" alt=\"\" srcset=\"https:\/\/vlggvd.de\/wp-content\/uploads\/2026\/04\/Metzger_TR_AdobeStock_287070010-1024x683.jpg 1024w, https:\/\/vlggvd.de\/wp-content\/uploads\/2026\/04\/Metzger_TR_AdobeStock_287070010-300x200.jpg 300w, https:\/\/vlggvd.de\/wp-content\/uploads\/2026\/04\/Metzger_TR_AdobeStock_287070010-768x512.jpg 768w, https:\/\/vlggvd.de\/wp-content\/uploads\/2026\/04\/Metzger_TR_AdobeStock_287070010.jpg 1440w\" sizes=\"auto, (max-width: 1024px) 100vw, 1024px\" \/><\/a>  <span class=\"excerpt\">Metzger (Trier, M \/ W \/&hellip; <a class=\"excerpt-more\" href=\"https:\/\/vlggvd.de\/?p=6687\">...<\/a><\/span><\/div><div class=\"listing-item\"><a class=\"image\" href=\"https:\/\/vlggvd.de\/?p=6601\"><img loading=\"lazy\" decoding=\"async\" width=\"1024\" height=\"683\" src=\"https:\/\/vlggvd.de\/wp-content\/uploads\/2026\/04\/MetzgereifachverkaeuferIn_AdobeStock_287070010_SB_TR_3-1024x683.jpg\" class=\"attachment-large size-large wp-post-image\" alt=\"\" srcset=\"https:\/\/vlggvd.de\/wp-content\/uploads\/2026\/04\/MetzgereifachverkaeuferIn_AdobeStock_287070010_SB_TR_3-1024x683.jpg 1024w, https:\/\/vlggvd.de\/wp-content\/uploads\/2026\/04\/MetzgereifachverkaeuferIn_AdobeStock_287070010_SB_TR_3-300x200.jpg 300w, https:\/\/vlggvd.de\/wp-content\/uploads\/2026\/04\/MetzgereifachverkaeuferIn_AdobeStock_287070010_SB_TR_3-768x512.jpg 768w, https:\/\/vlggvd.de\/wp-content\/uploads\/2026\/04\/MetzgereifachverkaeuferIn_AdobeStock_287070010_SB_TR_3.jpg 1440w\" sizes=\"auto, (max-width: 1024px) 100vw, 1024px\" \/><\/a>  <span class=\"excerpt\">Verk\u00e4ufer Metzgereitheke (M \/ W \/&hellip; <a class=\"excerpt-more\" href=\"https:\/\/vlggvd.de\/?p=6601\">...<\/a><\/span><\/div><div class=\"listing-item\"><a class=\"image\" href=\"https:\/\/vlggvd.de\/?p=6595\"><img loading=\"lazy\" decoding=\"async\" width=\"1024\" height=\"683\" src=\"https:\/\/vlggvd.de\/wp-content\/uploads\/2026\/04\/Metzger_SB_AdobeStock_287070010-1024x683.jpg\" class=\"attachment-large size-large wp-post-image\" alt=\"\" srcset=\"https:\/\/vlggvd.de\/wp-content\/uploads\/2026\/04\/Metzger_SB_AdobeStock_287070010-1024x683.jpg 1024w, https:\/\/vlggvd.de\/wp-content\/uploads\/2026\/04\/Metzger_SB_AdobeStock_287070010-300x200.jpg 300w, https:\/\/vlggvd.de\/wp-content\/uploads\/2026\/04\/Metzger_SB_AdobeStock_287070010-768x512.jpg 768w, https:\/\/vlggvd.de\/wp-content\/uploads\/2026\/04\/Metzger_SB_AdobeStock_287070010.jpg 1440w\" sizes=\"auto, (max-width: 1024px) 100vw, 1024px\" \/><\/a>  <span class=\"excerpt\">Metzger (Saarbr\u00fccken, M \/ W \/&hellip; <a class=\"excerpt-more\" href=\"https:\/\/vlggvd.de\/?p=6595\">...<\/a><\/span><\/div><div class=\"listing-item\"><a class=\"image\" href=\"https:\/\/vlggvd.de\/?p=5385\"><img loading=\"lazy\" decoding=\"async\" width=\"1024\" height=\"683\" src=\"https:\/\/vlggvd.de\/wp-content\/uploads\/2026\/04\/Cremona_Fischtheke_SB_AdobeStock_287070010-1024x683.jpg\" class=\"attachment-large size-large wp-post-image\" alt=\"\" srcset=\"https:\/\/vlggvd.de\/wp-content\/uploads\/2026\/04\/Cremona_Fischtheke_SB_AdobeStock_287070010-1024x683.jpg 1024w, https:\/\/vlggvd.de\/wp-content\/uploads\/2026\/04\/Cremona_Fischtheke_SB_AdobeStock_287070010-300x200.jpg 300w, https:\/\/vlggvd.de\/wp-content\/uploads\/2026\/04\/Cremona_Fischtheke_SB_AdobeStock_287070010-768x512.jpg 768w, https:\/\/vlggvd.de\/wp-content\/uploads\/2026\/04\/Cremona_Fischtheke_SB_AdobeStock_287070010.jpg 1440w\" sizes=\"auto, (max-width: 1024px) 100vw, 1024px\" \/><\/a>  <span class=\"excerpt\">Verk\u00e4ufer (m\/w\/d) Fisch- und Feinkostabteilung \u00dcBER&hellip; <a class=\"excerpt-more\" href=\"https:\/\/vlggvd.de\/?p=5385\">...<\/a><\/span><\/div><div class=\"listing-item\"><a class=\"image\" href=\"https:\/\/vlggvd.de\/?p=1616\"><img loading=\"lazy\" decoding=\"async\" width=\"1024\" height=\"683\" src=\"https:\/\/vlggvd.de\/wp-content\/uploads\/2026\/04\/Lager_Logistikteam_SB_3-1024x683.jpg\" class=\"attachment-large size-large wp-post-image\" alt=\"\" srcset=\"https:\/\/vlggvd.de\/wp-content\/uploads\/2026\/04\/Lager_Logistikteam_SB_3-1024x683.jpg 1024w, https:\/\/vlggvd.de\/wp-content\/uploads\/2026\/04\/Lager_Logistikteam_SB_3-300x200.jpg 300w, https:\/\/vlggvd.de\/wp-content\/uploads\/2026\/04\/Lager_Logistikteam_SB_3-768x512.jpg 768w, https:\/\/vlggvd.de\/wp-content\/uploads\/2026\/04\/Lager_Logistikteam_SB_3.jpg 1440w\" sizes=\"auto, (max-width: 1024px) 100vw, 1024px\" \/><\/a>  <span class=\"excerpt\">Lager- \/ Transportmitarbeiter (m, w, d)&hellip; <a class=\"excerpt-more\" href=\"https:\/\/vlggvd.de\/?p=1616\">...<\/a><\/span><\/div><div class=\"listing-item\"><a class=\"image\" href=\"https:\/\/vlggvd.de\/?p=751\"><img loading=\"lazy\" decoding=\"async\" width=\"1\" height=\"1\" src=\"https:\/\/vlggvd.de\/wp-content\/uploads\/2024\/03\/betriebselektriker.jpg\" class=\"attachment-large size-large wp-post-image\" alt=\"Betriebselektriker Betriebselektrikerin\" \/><\/a>  <span class=\"excerpt\">Betriebselektriker (M \/ W \/ D)&hellip; <a class=\"excerpt-more\" href=\"https:\/\/vlggvd.de\/?p=751\">...<\/a><\/span><\/div><div class=\"listing-item\"><a class=\"image\" href=\"https:\/\/vlggvd.de\/?p=691\"><img loading=\"lazy\" decoding=\"async\" width=\"1024\" height=\"683\" src=\"https:\/\/vlggvd.de\/wp-content\/uploads\/2024\/03\/Auszubildende-1024x683.jpg\" class=\"attachment-large size-large wp-post-image\" alt=\"Die Auszubildenden bei VLG Gro&szlig;verbraucherdienst S&uuml;dwest GmbH\" srcset=\"https:\/\/vlggvd.de\/wp-content\/uploads\/2024\/03\/Auszubildende-1024x683.jpg 1024w, https:\/\/vlggvd.de\/wp-content\/uploads\/2024\/03\/Auszubildende-300x200.jpg 300w, https:\/\/vlggvd.de\/wp-content\/uploads\/2024\/03\/Auszubildende-768x512.jpg 768w, https:\/\/vlggvd.de\/wp-content\/uploads\/2024\/03\/Auszubildende-1536x1025.jpg 1536w, https:\/\/vlggvd.de\/wp-content\/uploads\/2024\/03\/Auszubildende.jpg 2000w\" sizes=\"auto, (max-width: 1024px) 100vw, 1024px\" \/><\/a>  <span class=\"excerpt\">Ausbildung zum Kaufmann (w\/m\/d) f\u00fcr Gro\u00df-&hellip; <a class=\"excerpt-more\" href=\"https:\/\/vlggvd.de\/?p=691\">...<\/a><\/span><\/div><div class=\"listing-item\"><a class=\"image\" href=\"https:\/\/vlggvd.de\/?p=684\"><img loading=\"lazy\" decoding=\"async\" width=\"1024\" height=\"683\" src=\"https:\/\/vlggvd.de\/wp-content\/uploads\/2026\/04\/LKW_Fahrer_m_SB_3-1024x683.jpg\" class=\"attachment-large size-large wp-post-image\" alt=\"\" srcset=\"https:\/\/vlggvd.de\/wp-content\/uploads\/2026\/04\/LKW_Fahrer_m_SB_3-1024x683.jpg 1024w, https:\/\/vlggvd.de\/wp-content\/uploads\/2026\/04\/LKW_Fahrer_m_SB_3-300x200.jpg 300w, https:\/\/vlggvd.de\/wp-content\/uploads\/2026\/04\/LKW_Fahrer_m_SB_3-768x512.jpg 768w, https:\/\/vlggvd.de\/wp-content\/uploads\/2026\/04\/LKW_Fahrer_m_SB_3.jpg 1440w\" sizes=\"auto, (max-width: 1024px) 100vw, 1024px\" \/><\/a>  <span class=\"excerpt\">Berufskraftfahrer (m\/w\/d) Klasse C1 und CE&hellip; <a class=\"excerpt-more\" href=\"https:\/\/vlggvd.de\/?p=684\">...<\/a><\/span><\/div><\/div>\n\n\n\n<h2 class=\"wp-block-heading\">Bitte senden  Sie Ihre Bewerbung an:<\/h2>\n\n\n\n<h2 class=\"wp-block-heading\"><a href=\"mailto:bewerbung@vlggvd.de\">bewerbung@vlggvd.de<\/a><\/h2>\n\n\n\n<p><\/p>\n","protected":false},"excerpt":{"rendered":"<h2 class=\"wp-block-heading\">Berufskraftfahrer (m\/w\/d) Klasse C1 und CE in Saarbr\u00fccken<\/h2>\n\n\n\n<p>\u00dcBER UNS<\/p>\n\n\n\n<p>Wir sind ein familiengef\u00fchrter Lebensmittelgro\u00dfh\u00e4ndler und beliefern erfolgreich Gastronomie, Hotellerie und den Care-Bereich im gesamten S\u00fcdwesten Deutschlands, sowie Bereiche in &hellip;<\/p>","protected":false},"author":1,"featured_media":0,"parent":0,"menu_order":0,"comment_status":"closed","ping_status":"closed","template":"","meta":{"_kad_post_transparent":"","_kad_post_title":"hide","_kad_post_layout":"default","_kad_post_sidebar_id":"","_kad_post_content_style":"","_kad_post_vertical_padding":"","_kad_post_feature":"","_kad_post_feature_position":"","_kad_post_header":false,"_kad_post_footer":false,"_kad_post_classname":"","footnotes":""},"class_list":["post-207","page","type-page","status-publish","hentry"],"_links":{"self":[{"href":"https:\/\/vlggvd.de\/index.php?rest_route=\/wp\/v2\/pages\/207","targetHints":{"allow":["GET"]}}],"collection":[{"href":"https:\/\/vlggvd.de\/index.php?rest_route=\/wp\/v2\/pages"}],"about":[{"href":"https:\/\/vlggvd.de\/index.php?rest_route=\/wp\/v2\/types\/page"}],"author":[{"embeddable":true,"href":"https:\/\/vlggvd.de\/index.php?rest_route=\/wp\/v2\/users\/1"}],"replies":[{"embeddable":true,"href":"https:\/\/vlggvd.de\/index.php?rest_route=%2Fwp%2Fv2%2Fcomments&post=207"}],"version-history":[{"count":28,"href":"https:\/\/vlggvd.de\/index.php?rest_route=\/wp\/v2\/pages\/207\/revisions"}],"predecessor-version":[{"id":6410,"href":"https:\/\/vlggvd.de\/index.php?rest_route=\/wp\/v2\/pages\/207\/revisions\/6410"}],"wp:attachment":[{"href":"https:\/\/vlggvd.de\/index.php?rest_route=%2Fwp%2Fv2%2Fmedia&parent=207"}],"curies":[{"name":"wp","href":"https:\/\/api.w.org\/{rel}","templated":true}]}}